 of 233*x**5/10 + 5*x**4/12 - x**3/6 + 10*x**2 - 2. Is d(3) a prime number?
True
Is (27/108)/(-3*(-3)/923868) prime?
False
Let x(g) = -11*g**3 + 5*g**2 + 6*g + 18. Let s be x(-9). Suppose 4311 = 9*l - s. Is l a composite number?
True
Let z be 16/((-24)/(-3)) + -4. Let s(q) = -1281*q + 25. Is s(z) a prime number?
False
Let c be (-54)/99 + 27969/33. Suppose 0 = -k - 3, c = -2*s - 3*k + 4392. Is s prime?
True
Let a be ((-42)/12 - -4)*(0 + 0). Suppose 16*s - 628 - 14956 = a. Is s a composite number?
True
Let d(q) = 2*q**3 + 52*q**2 - 283*q - 28. Is d(-30) a prime number?
False
Let a = 359 + -333. Suppose 0 = 27*d - a*d - 743. Is d a prime number?
True
Let g(k) = k**3 - 25*k**2 + 7*k - 52. Let v be g(25). Suppose -y = -270 - v. Is y prime?
False
Let z = 73 - 60. Suppose -14*j - 2 = -z*j. Is 60/18*(-267)/j composite?
True
Let x(m) = m**2 - m + 4. Let o be x(4). Suppose 2092 = -o*z + 91004. Is z a prime number?
True
Let f(n) = n**2 - 15*n + 23. Suppose 5 = 3*l - 2*r, 2*l - 3*r + 2 = -3. Let i(v) = -2*v + 32. Let q be i(l). Is f(q) prime?
False
Is (-3)/(-2)*110*39222/270 a composite number?
True
Let u(y) = -y + 2. Let v be u(14). Let t(r) = -27*r + 14. Let i be t(v). Suppose 2*z - 4*p = 174, i = z + 3*z - 3*p. Is z a prime number?
True
Suppose -17282 = -181*u - 2259. Is u composite?
False
Let p be (-2 + -15 + -2)*-1 - 3. Suppose 0*y - p = -4*y. Suppose 0 = -2*z - 4*v + 251 + 5623, -14655 = -5*z - y*v. Is z composite?
False
Let m(a) = -63*a - 22. Let d(y) = 126*y + 44. Let b(c) = -3*d(c) - 5*m(c). Let s be ((-5)/2)/(22/44). Is b(s) composite?
False
Suppose 0 = -z + 429 + 806. Let l = 2088 - z. Is l a prime number?
True
Let h(s) = 10 - 8*s + 3*s + 169*s**2 - s**2. Let l be h(4). Let n = l - -441. Is n composite?
False
Let w = -4 - -6. Let f(g) = 2724*g**3 + 2*g**2 - 4*g + 2. Let n be f(w). Is (1 + 0)/(17/n) a prime number?
False
Let l = -57303 + 112082. Is l prime?
True
Let i = 6894 - 4083. Let k = i + -1820. Is k a composite number?
False
Let v(m) = 17*m + 99. Let a be v(-5). Suppose -a*i = 4*i - 6228. Is i composite?
True
Let m = -6711 - -17002. Is m composite?
True
Let p(l) = 1815*l - 59. Let v(m) = m - 1. Let f(b) = p(b) + 6*v(b). Is f(8) composite?
False
Suppose 3 = q + 11. Is 13513/8 - (-1)/q composite?
True
Is (((-2)/(-5))/((-420)/20008275))/(3/(-6)) a prime number?
False
Let y(p) = -p**3 - 2*p**2 + 2*p + 4479. Suppose -124*j = -120*j. Is y(j) a composite number?
True
Let m = 48 - 46. Suppose 18 - 808 = m*t. Let x = 1808 - t. Is x a composite number?
False
Let b(x) = -203*x + 7. Let a be -4 + 0 - -9 - -5. Suppose -2*c = -a*c - 16. Is b(c) a prime number?
False
Suppose -9*r + 632635 = -821864. Is r a composite number?
False
Is 48/192 - (-2564553)/12 composite?
False
Suppose 0 = -f - 1, 2*j + 27 = 4*j - 3*f. Let t(h) = 2*h**3 - 23*h**2 + 4*h - 14. Let u be t(j). Let m = 664 + u. Is m a composite number?
True
Suppose 2*i + 7 = -0*i + 5*n, -4 = i - 2*n. Let m(b) = 5*b**2 + 40*b + 37. Let p(f) = 2*f**2 + 13*f + 12. Let o(z) = i*m(z) + 17*p(z). Is o(-15) composite?
True
Let p(r) = 3*r**3 - 45*r**2 - 6*r + 212. Is p(27) prime?
False
Let m = 1915156 - 1217969. Is m prime?
False
Suppose -3*r + 7*r + 8 = 0. Let i be (3 - (r/2 - -3))*-5. Let b(o) = -110*o + 7. Is b(i) a composite number?
False
Suppose -5*g + n = -710035, 112*g = 109*g - 3*n + 426021. Is g composite?
False
Let y be (-198825)/4 - (-30)/(-40). Let g be y + (0 - 5) + 2. Is g/(-45)*(-3)/(-2) composite?
False
Is 3 - (-406)/(-126) - ((-4069095)/27 - 0) composite?
False
Let g(t) = -2*t - 24. Let i(o) = -1. Let r(a) = -g(a) + 5*i(a). Let q be r(-8). Is (q/(-2))/(0 + (-9)/1266) a composite number?
False
Suppose k - 982 = 5*b, -222*k - 2*b + 2895 = -219*k. Is k a prime number?
True
Suppose 0 = -h + 796 + 425. Let y(t) = -11*t**2 + 73*t - 306. Let v be y(4). Let c = h + v. Is c a composite number?
False
Let n = 28141 + 48160. Is n a prime number?
False
Let u = 28 - 23. Suppose -u*t = 2*t - 140. Let l = 687 - t. Is l prime?
False
Let k(b) = 10*b - 90. Let r be k(9). Suppose r = 2*l - 4*d - 29402, 3*d = 85*l - 90*l + 73453. Is l prime?
False
Let r be (21 - -1)/(4/48). Suppose 268*m - 1660 = r*m. Is m a prime number?
False
Suppose -1172728 = -9*b - 2*b + 3*b. Is b prime?
False
Is (4/1)/1 + -89 + 3728 a composite number?
False
Let o(u) = 21*u + 45. Let y be o(-3). Is y/(-9) - ((-691 - 2) + 0) a composite number?
True
Suppose -10*o + 13*o + 982696 = 4*r, 0 = -3*r - 3*o + 737001. Is r a prime number?
True
Suppose -8*s + 3*s - 5 = 0. Let y(q) = -410*q + 1. Let j be y(s). Suppose -c + j = -2*r, -4*c = c + r - 2044. Is c a prime number?
True
Let m = 257981 - 121212. Is m a prime number?
True
Suppose -599*c = -1208*c + 594*c + 33329295. Is c a composite number?
True
Is 72948 + (18 - 19)*(-4 - 1) a prime number?
True
Suppose 30*y - 35 = 23*y. Suppose 42567 = y*w - 2*u, 4*u - 25534 = -3*w - u. Is w a prime number?
True
Let o = 71300 - 17173. Is o composite?
True
Suppose -233*h - 1495189 = -304*h. Is h a composite number?
False
Let c(z) = -2*z**3 - 6*z**2 - 12*z + 7. Let p(q) = -q**2 + 8*q + 8. Let t be p(5). Let y = -29 + t. Is c(y) composite?
True
Let n be ((-192)/28)/((10/(-224))/5). Suppose 1308 = 3*v - n. Suppose 2*u - 1094 = -l + 255, 3*l + v = u. Is u prime?
True
Suppose r = 2*g - 1058857, -7*g + 3706000 = -0*g - 3*r. Is g a prime number?
False
Let u be (0 + 1)*-16141 - (0 - 1). Is 1/(-2 - u/8068) a composite number?
False
Is (-1)/2 - (-4373890080)/960 composite?
True
Suppose 0 = 4*i - 3*h + 181, -3*h - 140 = 3*i - h. Is ((-84111)/598 + 2/13)*i a prime number?
False
Let k(t) = -8 - 17 + 5 - 101*t. Suppose -12*o = -3*j - 10*o - 31, -o = j + 17. Is k(j) a composite number?
True
Let i be (2161/(-5))/((-6)/(-30)). Let u = i - -5982. Is u prime?
True
Let n(o) = 5*o - 23. Let x be n(3). Is x/44 - (-124763)/187 prime?
False
Let n(w) = -w**3 + 4*w**2 + 4. Let p be n(4). Suppose 760 = h + 277. Suppose -h = d - p*d. Is d a composite number?
True
Let y(a) = -a**2 + a + 35. Let f be y(6). Is 2783 - ((f - 1) + 2) composite?
False
Let y = 428 + -434. Is 5578/3*(y + (-120)/(-16)) a prime number?
True
Let u(v) = 39*v - 893. Let t be u(23). Let s(k) = 2135*k + 3. Let r be s(4). Suppose t*g = r + 9053. Is g a composite number?
True
Let s = 19 + -19. Suppose s = -2*d + 7*d. Suppose -5*q + q + 3484 = d. Is q composite?
True
Is ((-496011)/(-1212))/((-1)/(-116)) composite?
True
Suppose -4136 = -11*b + 3*b. Let m = b - 438. Is m composite?
False
Let q(v) = v**3 - 5*v**2 - 9*v + 11. Suppose 4*h - 2*f = 54, f + 4*f - 30 = -5*h. Let p be q(h). Let a = p - -761. Is a a composite number?
False
Suppose 16*w = 1049 + 71. Let y = w + -51. Is y a prime number?
True
Let p(o) = 4*o - 1. Let w be p(-1). Is -3 - ((-7305)/3 + w) composite?
False
Let w be -2547*((-30)/9 + -4). Let q = w - 5355. Is q composite?
True
Suppose 4*d + 14 = 3*j, 0*d = d - 4. Suppose 0 = 2*z + 2*u - 13844, -u - u = z - 6917. Suppose j*h - 13*h = -z. Is h prime?
True
Let o(z) = -1641*z + 1048. Is o(-15) a composite number?
True
Let t be (-72346)/(-6) + (-12)/(-36). Suppose -5*c + 43477 = -t. Is c a prime number?
False
Suppose 6*n - 5247 = 5769. Suppose 4*v - 11160 = -n. Let z = v + -1534. Is z a composite number?
False
Let y(s) = -32*s**3 + s**2 + 2*s - 5. Suppose 4 = 7*o - 31. Suppose 2*x + 5 = -c, o*c - 4*c = 1. Is y(x) a composite number?
True
Suppose -12*v + 49 = -5*v. Let l(z) = 8*z**3 + 8*z**2 + 3*z + 34. Is l(v) composite?
False
Let u(b) = -35*b**2 - 19*b - 24. Let w be u(12). Is (-5 + w/(-8))*6/3 a prime number?
False
Suppose 0 = -4*j - 2*w + 290 + 56, -4*j = -w - 355. Let n = j + -86. Suppose -9292 = -n*y + 3*l, -l + 6*l = 10. Is y prime?
True
Let j(u) = 2*u + 15*u + 10*u**2 + 9*u + u**3 - 25*u**2 + 4. Let p be j(13). Suppose p*c - 3315 = 601. Is c a prime number?
False
Suppose 4*y = 5*y - 4*v + 814, -3*y + 2*v = 2462. Let q = 1270 + y. Let b = 31 + q. Is b a prime number?
True
Let p(t) = -t**3 - 44*t**2 + 46*t + 49. Let b be p(-45). Suppose -b*x + 1948 + 664 = 0. Is x composite?
False
Suppose -4*w + 4 = -j + 3, 4*j = -2*w + 86. Suppose -j = -4*k - 7. Suppose 0 = 3*g - 5*i + 677 - 6969, 6301 = k*g + 4*i. Is g a prime number?
True
Suppose -2*t + 7 = -5. Let k(q) = 2 - 9 - 35*q + 29*q + 32*q. Is k(t) a composite number?
False
Suppose -f - 3*a = 0, 14 = 8*f - 